{"id":1483,"date":"2020-05-25T18:24:06","date_gmt":"2020-05-25T16:24:06","guid":{"rendered":"http:\/\/milliondeservices.com\/?page_id=1483"},"modified":"2020-05-25T18:25:44","modified_gmt":"2020-05-25T16:25:44","slug":"devenir-partenaire","status":"publish","type":"page","link":"http:\/\/milliondeservices.com\/index.php\/devenir-partenaire\/","title":{"rendered":"Devenir partenaire"},"content":{"rendered":"<p>[vc_row][vc_column]\r\n            \r\n            <div class=\"sh-empty-space vc_empty_space sh-empty-space-nr8U7BEqXL  \" style=\"height: 32px\">\r\n                <span class=\"vc_empty_space_inner\"><\/span>\r\n            <\/div>\r\n\r\n        [vc_column_text]<\/p>\n<h2><span style=\"text-decoration: underline;\">Devenir partenaire<\/span><\/h2>\n<p>[\/vc_column_text][vc_column_text]<span style=\"font-weight: 400;\">Nos partenaires jouissent d&#8217;une grande exp\u00e9rience dans le d\u00e9ploiement de solutions, la mise en \u0153uvre de leur savoir-faire et l&#8217;aide apport\u00e9e aux clients. Le r\u00e9seau de partenaires Million de Services vous permet de d\u00e9velopper votre entreprise tout en renfor\u00e7ant votre relation avec vos clients.\u00a0<\/span><\/p>\n<p style=\"text-align: left;\"><span style=\"font-weight: 400;\">N\u2019h\u00e9sitez pas \u00e0 prendre contact avec nous\u00a0:<\/span><\/p>\n<p>[\/vc_column_text][vc_column_text]<div role=\"form\" class=\"wpcf7\" id=\"wpcf7-f1399-o1\" lang=\"fr-FR\" dir=\"ltr\">\n<div class=\"screen-reader-response\"><p role=\"status\" aria-live=\"polite\" aria-atomic=\"true\"><\/p> <ul><\/ul><\/div>\n<form action=\"\/index.php\/wp-json\/wp\/v2\/pages\/1483#wpcf7-f1399-o1\" method=\"post\" class=\"wpcf7-form init\" novalidate=\"novalidate\" data-status=\"init\">\n<div style=\"display: none;\">\n<input type=\"hidden\" name=\"_wpcf7\" value=\"1399\" \/>\n<input type=\"hidden\" name=\"_wpcf7_version\" value=\"5.5.3\" \/>\n<input type=\"hidden\" name=\"_wpcf7_locale\" value=\"fr_FR\" \/>\n<input type=\"hidden\" name=\"_wpcf7_unit_tag\" value=\"wpcf7-f1399-o1\" \/>\n<input type=\"hidden\" name=\"_wpcf7_container_post\" value=\"0\" \/>\n<input type=\"hidden\" name=\"_wpcf7_posted_data_hash\" value=\"\" \/>\n<\/div>\n<div class=\"sh-cf7-body\"><p><label> Nom (obligatoire)<br \/>\n    <span class=\"wpcf7-form-control-wrap your-name\"><input type=\"text\" name=\"your-name\" value=\"\" size=\"40\" class=\"wpcf7-form-control wpcf7-text wpcf7-validates-as-required\" aria-required=\"true\" aria-invalid=\"false\" \/><\/span> <\/label><label> Pr\u00e9nom (obligatoire)<br \/>\n    <span class=\"wpcf7-form-control-wrap your-name\"><input type=\"text\" name=\"your-name\" value=\"\" size=\"40\" class=\"wpcf7-form-control wpcf7-text wpcf7-validates-as-required\" aria-required=\"true\" aria-invalid=\"false\" \/><\/span> <\/label><br \/>\n<label> Nom de la soci\u00e9t\u00e9 (obligatoire)<br \/>\n    <span class=\"wpcf7-form-control-wrap text-535\"><input type=\"text\" name=\"text-535\" value=\"\" size=\"40\" class=\"wpcf7-form-control wpcf7-text wpcf7-validates-as-required\" aria-required=\"true\" aria-invalid=\"false\" \/><\/span> <\/label><br \/>\n<label> Mail (obligatoire)<br \/>\n    <span class=\"wpcf7-form-control-wrap your-email\"><input type=\"email\" name=\"your-email\" value=\"\" size=\"40\" class=\"wpcf7-form-control wpcf7-text wpcf7-email wpcf7-validates-as-required wpcf7-validates-as-email\" aria-required=\"true\" aria-invalid=\"false\" \/><\/span> <\/label><br \/>\n<label> T\u00e9l\u00e9phone<br \/>\n    <span class=\"wpcf7-form-control-wrap tel-885\"><input type=\"tel\" name=\"tel-885\" value=\"\" size=\"40\" class=\"wpcf7-form-control wpcf7-text wpcf7-tel wpcf7-validates-as-required wpcf7-validates-as-tel\" aria-required=\"true\" aria-invalid=\"false\" \/><\/span> <\/label><br \/>\n<label> Code postal<br \/>\n    <span class=\"wpcf7-form-control-wrap text-535\"><input type=\"text\" name=\"text-535\" value=\"\" size=\"40\" class=\"wpcf7-form-control wpcf7-text wpcf7-validates-as-required\" aria-required=\"true\" aria-invalid=\"false\" \/><\/span> <\/label><\/p>\n<p><label> Commentaire<br \/>\n    <span class=\"wpcf7-form-control-wrap your-message\"><textarea name=\"your-message\" cols=\"40\" rows=\"10\" class=\"wpcf7-form-control wpcf7-textarea\" aria-invalid=\"false\"><\/textarea><\/span> <\/label><\/p>\n<p><input type=\"submit\" value=\"Envoyer une demande\" class=\"wpcf7-form-control has-spinner wpcf7-submit\" \/><\/p>\n<\/div><div class=\"wpcf7-response-output\" aria-hidden=\"true\"><\/div><\/form><\/div>[\/vc_column_text][\/vc_column][\/vc_row]<\/p>\n","protected":false},"excerpt":{"rendered":"<p>[vc_row][vc_column] [vc_column_text] Devenir partenaire [\/vc_column_text][vc_column_text]Nos partenaires jouissent d&#8217;une grande exp\u00e9rience dans le d\u00e9ploiement de solutions, la mise en \u0153uvre de leur savoir-faire et l&#8217;aide apport\u00e9e aux clients. Le r\u00e9seau de partenaires Million de Services vous permet de d\u00e9velopper votre entreprise tout en renfor\u00e7ant votre relation&#8230;<\/p>\n","protected":false},"author":1,"featured_media":0,"parent":0,"menu_order":0,"comment_status":"closed","ping_status":"closed","template":"","meta":[],"yoast_head":"<!-- This site is optimized with the Yoast SEO plugin v18.0 - https:\/\/yoast.com\/wordpress\/plugins\/seo\/ -->\n<title>Devenir partenaire - Milliondeservices.com<\/title>\n<meta name=\"robots\" content=\"index, follow, max-snippet:-1, max-image-preview:large, max-video-preview:-1\" \/>\n<link rel=\"canonical\" href=\"http:\/\/milliondeservices.com\/index.php\/devenir-partenaire\/\" \/>\n<meta property=\"og:locale\" content=\"fr_FR\" \/>\n<meta property=\"og:type\" content=\"article\" \/>\n<meta property=\"og:title\" content=\"Devenir partenaire - Milliondeservices.com\" \/>\n<meta property=\"og:description\" content=\"[vc_row][vc_column] [vc_column_text] Devenir partenaire [\/vc_column_text][vc_column_text]Nos partenaires jouissent d&#8217;une grande exp\u00e9rience dans le d\u00e9ploiement de solutions, la mise en \u0153uvre de leur savoir-faire et l&#8217;aide apport\u00e9e aux clients. Le r\u00e9seau de partenaires Million de Services vous permet de d\u00e9velopper votre entreprise tout en renfor\u00e7ant votre relation...\" \/>\n<meta property=\"og:url\" content=\"http:\/\/milliondeservices.com\/index.php\/devenir-partenaire\/\" \/>\n<meta property=\"og:site_name\" content=\"Milliondeservices.com\" \/>\n<meta property=\"article:publisher\" content=\"https:\/\/www.facebook.com\/milliondeservices\" \/>\n<meta property=\"article:modified_time\" content=\"2020-05-25T16:25:44+00:00\" \/>\n<meta name=\"twitter:card\" content=\"summary_large_image\" \/>\n<script type=\"application\/ld+json\" class=\"yoast-schema-graph\">{\"@context\":\"https:\/\/schema.org\",\"@graph\":[{\"@type\":\"Organization\",\"@id\":\"https:\/\/milliondeservices.com\/#organization\",\"name\":\"Million de services\",\"url\":\"https:\/\/milliondeservices.com\/\",\"sameAs\":[\"https:\/\/www.facebook.com\/milliondeservices\",\"https:\/\/www.instagram.com\/milliondeservices\/?hl=fr\"],\"logo\":{\"@type\":\"ImageObject\",\"@id\":\"https:\/\/milliondeservices.com\/#logo\",\"inLanguage\":\"fr-FR\",\"url\":\"http:\/\/milliondeservices.com\/wp-content\/uploads\/2020\/05\/Logo-entier-sans-outils-1-removebg-preview.png\",\"contentUrl\":\"http:\/\/milliondeservices.com\/wp-content\/uploads\/2020\/05\/Logo-entier-sans-outils-1-removebg-preview.png\",\"width\":299,\"height\":185,\"caption\":\"Million de services\"},\"image\":{\"@id\":\"https:\/\/milliondeservices.com\/#logo\"}},{\"@type\":\"WebSite\",\"@id\":\"https:\/\/milliondeservices.com\/#website\",\"url\":\"https:\/\/milliondeservices.com\/\",\"name\":\"Milliondeservices.com\",\"description\":\"Multiservices \u00e0 Lyon\",\"publisher\":{\"@id\":\"https:\/\/milliondeservices.com\/#organization\"},\"potentialAction\":[{\"@type\":\"SearchAction\",\"target\":{\"@type\":\"EntryPoint\",\"urlTemplate\":\"https:\/\/milliondeservices.com\/?s={search_term_string}\"},\"query-input\":\"required name=search_term_string\"}],\"inLanguage\":\"fr-FR\"},{\"@type\":\"WebPage\",\"@id\":\"http:\/\/milliondeservices.com\/index.php\/devenir-partenaire\/#webpage\",\"url\":\"http:\/\/milliondeservices.com\/index.php\/devenir-partenaire\/\",\"name\":\"Devenir partenaire - Milliondeservices.com\",\"isPartOf\":{\"@id\":\"https:\/\/milliondeservices.com\/#website\"},\"datePublished\":\"2020-05-25T16:24:06+00:00\",\"dateModified\":\"2020-05-25T16:25:44+00:00\",\"breadcrumb\":{\"@id\":\"http:\/\/milliondeservices.com\/index.php\/devenir-partenaire\/#breadcrumb\"},\"inLanguage\":\"fr-FR\",\"potentialAction\":[{\"@type\":\"ReadAction\",\"target\":[\"http:\/\/milliondeservices.com\/index.php\/devenir-partenaire\/\"]}]},{\"@type\":\"BreadcrumbList\",\"@id\":\"http:\/\/milliondeservices.com\/index.php\/devenir-partenaire\/#breadcrumb\",\"itemListElement\":[{\"@type\":\"ListItem\",\"position\":1,\"name\":\"Accueil\",\"item\":\"https:\/\/milliondeservices.com\/\"},{\"@type\":\"ListItem\",\"position\":2,\"name\":\"Devenir partenaire\"}]}]}<\/script>\n<!-- \/ Yoast SEO plugin. -->","yoast_head_json":{"title":"Devenir partenaire - Milliondeservices.com","robots":{"index":"index","follow":"follow","max-snippet":"max-snippet:-1","max-image-preview":"max-image-preview:large","max-video-preview":"max-video-preview:-1"},"canonical":"http:\/\/milliondeservices.com\/index.php\/devenir-partenaire\/","og_locale":"fr_FR","og_type":"article","og_title":"Devenir partenaire - Milliondeservices.com","og_description":"[vc_row][vc_column] [vc_column_text] Devenir partenaire [\/vc_column_text][vc_column_text]Nos partenaires jouissent d&#8217;une grande exp\u00e9rience dans le d\u00e9ploiement de solutions, la mise en \u0153uvre de leur savoir-faire et l&#8217;aide apport\u00e9e aux clients. Le r\u00e9seau de partenaires Million de Services vous permet de d\u00e9velopper votre entreprise tout en renfor\u00e7ant votre relation...","og_url":"http:\/\/milliondeservices.com\/index.php\/devenir-partenaire\/","og_site_name":"Milliondeservices.com","article_publisher":"https:\/\/www.facebook.com\/milliondeservices","article_modified_time":"2020-05-25T16:25:44+00:00","twitter_card":"summary_large_image","schema":{"@context":"https:\/\/schema.org","@graph":[{"@type":"Organization","@id":"https:\/\/milliondeservices.com\/#organization","name":"Million de services","url":"https:\/\/milliondeservices.com\/","sameAs":["https:\/\/www.facebook.com\/milliondeservices","https:\/\/www.instagram.com\/milliondeservices\/?hl=fr"],"logo":{"@type":"ImageObject","@id":"https:\/\/milliondeservices.com\/#logo","inLanguage":"fr-FR","url":"http:\/\/milliondeservices.com\/wp-content\/uploads\/2020\/05\/Logo-entier-sans-outils-1-removebg-preview.png","contentUrl":"http:\/\/milliondeservices.com\/wp-content\/uploads\/2020\/05\/Logo-entier-sans-outils-1-removebg-preview.png","width":299,"height":185,"caption":"Million de services"},"image":{"@id":"https:\/\/milliondeservices.com\/#logo"}},{"@type":"WebSite","@id":"https:\/\/milliondeservices.com\/#website","url":"https:\/\/milliondeservices.com\/","name":"Milliondeservices.com","description":"Multiservices \u00e0 Lyon","publisher":{"@id":"https:\/\/milliondeservices.com\/#organization"},"potentialAction":[{"@type":"SearchAction","target":{"@type":"EntryPoint","urlTemplate":"https:\/\/milliondeservices.com\/?s={search_term_string}"},"query-input":"required name=search_term_string"}],"inLanguage":"fr-FR"},{"@type":"WebPage","@id":"http:\/\/milliondeservices.com\/index.php\/devenir-partenaire\/#webpage","url":"http:\/\/milliondeservices.com\/index.php\/devenir-partenaire\/","name":"Devenir partenaire - Milliondeservices.com","isPartOf":{"@id":"https:\/\/milliondeservices.com\/#website"},"datePublished":"2020-05-25T16:24:06+00:00","dateModified":"2020-05-25T16:25:44+00:00","breadcrumb":{"@id":"http:\/\/milliondeservices.com\/index.php\/devenir-partenaire\/#breadcrumb"},"inLanguage":"fr-FR","potentialAction":[{"@type":"ReadAction","target":["http:\/\/milliondeservices.com\/index.php\/devenir-partenaire\/"]}]},{"@type":"BreadcrumbList","@id":"http:\/\/milliondeservices.com\/index.php\/devenir-partenaire\/#breadcrumb","itemListElement":[{"@type":"ListItem","position":1,"name":"Accueil","item":"https:\/\/milliondeservices.com\/"},{"@type":"ListItem","position":2,"name":"Devenir partenaire"}]}]}},"_links":{"self":[{"href":"http:\/\/milliondeservices.com\/index.php\/wp-json\/wp\/v2\/pages\/1483"}],"collection":[{"href":"http:\/\/milliondeservices.com\/index.php\/wp-json\/wp\/v2\/pages"}],"about":[{"href":"http:\/\/milliondeservices.com\/index.php\/wp-json\/wp\/v2\/types\/page"}],"author":[{"embeddable":true,"href":"http:\/\/milliondeservices.com\/index.php\/wp-json\/wp\/v2\/users\/1"}],"replies":[{"embeddable":true,"href":"http:\/\/milliondeservices.com\/index.php\/wp-json\/wp\/v2\/comments?post=1483"}],"version-history":[{"count":3,"href":"http:\/\/milliondeservices.com\/index.php\/wp-json\/wp\/v2\/pages\/1483\/revisions"}],"predecessor-version":[{"id":1486,"href":"http:\/\/milliondeservices.com\/index.php\/wp-json\/wp\/v2\/pages\/1483\/revisions\/1486"}],"wp:attachment":[{"href":"http:\/\/milliondeservices.com\/index.php\/wp-json\/wp\/v2\/media?parent=1483"}],"curies":[{"name":"wp","href":"https:\/\/api.w.org\/{rel}","templated":true}]}}